{"id":82,"date":"2026-01-08T19:56:01","date_gmt":"2026-01-08T19:56:01","guid":{"rendered":"https:\/\/residente.cl\/?page_id=82"},"modified":"2026-01-20T19:15:00","modified_gmt":"2026-01-20T19:15:00","slug":"servicios","status":"publish","type":"page","link":"https:\/\/residente.cl\/?page_id=82","title":{"rendered":"Servicios"},"content":{"rendered":"\n<p>Dise\u00f1o espacial y place making<\/p>\n\n\n\n<p>Arquitectura temporal, museograf\u00eda y dise\u00f1o expositivo<\/p>\n\n\n\n<p>Gesti\u00f3n integral de proyectos<\/p>\n\n\n\n<p>Gesti\u00f3n patrimonial y de Monumentos Nacionales<\/p>\n\n\n\n<p>Revitalizaci\u00f3n de espacios y regeneraci\u00f3n urbana<\/p>\n\n\n\n<p>Estrategias urbanas y culturales<\/p>\n","protected":false},"excerpt":{"rendered":"<p>Dise\u00f1o espacial y place making Arquitectura temporal, museograf\u00eda y dise\u00f1o expositivo Gesti\u00f3n integral de proyectos Gesti\u00f3n patrimonial y de Monumentos Nacionales Revitalizaci\u00f3n de espacios y regeneraci\u00f3n urbana Estrategias urbanas y culturales<\/p>\n","protected":false},"author":1,"featured_media":105,"parent":0,"menu_order":0,"comment_status":"closed","ping_status":"closed","template":"","meta":{"footnotes":""},"class_list":["post-82","page","type-page","status-publish","has-post-thumbnail","hentry"],"yoast_head":"<!-- This site is optimized with the Yoast SEO plugin v26.9 - https:\/\/yoast.com\/product\/yoast-seo-wordpress\/ -->\n<title>Servicios - residente<\/title>\n<meta name=\"robots\" content=\"index, follow, max-snippet:-1, max-image-preview:large, max-video-preview:-1\" \/>\n<link rel=\"canonical\" href=\"https:\/\/residente.cl\/?page_id=82\" \/>\n<meta property=\"og:locale\" content=\"es_ES\" \/>\n<meta property=\"og:type\" content=\"article\" \/>\n<meta property=\"og:title\" content=\"Servicios - residente\" \/>\n<meta property=\"og:description\" content=\"Dise\u00f1o espacial y place making Arquitectura temporal, museograf\u00eda y dise\u00f1o expositivo Gesti\u00f3n integral de proyectos Gesti\u00f3n patrimonial y de Monumentos Nacionales Revitalizaci\u00f3n de espacios y regeneraci\u00f3n urbana Estrategias urbanas y culturales\" \/>\n<meta property=\"og:url\" content=\"https:\/\/residente.cl\/?page_id=82\" \/>\n<meta property=\"og:site_name\" content=\"residente\" \/>\n<meta property=\"article:modified_time\" content=\"2026-01-20T19:15:00+00:00\" \/>\n<meta property=\"og:image\" content=\"https:\/\/residente.cl\/wp-content\/uploads\/2026\/01\/WhatsApp-Image-2026-01-20-at-16.04.12.jpeg\" \/>\n\t<meta property=\"og:image:width\" content=\"1197\" \/>\n\t<meta property=\"og:image:height\" content=\"1600\" \/>\n\t<meta property=\"og:image:type\" content=\"image\/jpeg\" \/>\n<meta name=\"twitter:card\" content=\"summary_large_image\" \/>\n<meta name=\"twitter:label1\" content=\"Tiempo estimado de lectura\" \/>\n\t<meta name=\"twitter:data1\" content=\"1 minuto\" \/>\n<script type=\"application\/ld+json\" class=\"yoast-schema-graph\">{\"@context\":\"https:\/\/schema.org\",\"@graph\":[{\"@type\":\"WebPage\",\"@id\":\"https:\/\/residente.cl\/?page_id=82\",\"url\":\"https:\/\/residente.cl\/?page_id=82\",\"name\":\"Servicios - residente\",\"isPartOf\":{\"@id\":\"https:\/\/residente.cl\/#website\"},\"primaryImageOfPage\":{\"@id\":\"https:\/\/residente.cl\/?page_id=82#primaryimage\"},\"image\":{\"@id\":\"https:\/\/residente.cl\/?page_id=82#primaryimage\"},\"thumbnailUrl\":\"https:\/\/residente.cl\/wp-content\/uploads\/2026\/01\/WhatsApp-Image-2026-01-20-at-16.04.12.jpeg\",\"datePublished\":\"2026-01-08T19:56:01+00:00\",\"dateModified\":\"2026-01-20T19:15:00+00:00\",\"breadcrumb\":{\"@id\":\"https:\/\/residente.cl\/?page_id=82#breadcrumb\"},\"inLanguage\":\"es-CL\",\"potentialAction\":[{\"@type\":\"ReadAction\",\"target\":[\"https:\/\/residente.cl\/?page_id=82\"]}]},{\"@type\":\"ImageObject\",\"inLanguage\":\"es-CL\",\"@id\":\"https:\/\/residente.cl\/?page_id=82#primaryimage\",\"url\":\"https:\/\/residente.cl\/wp-content\/uploads\/2026\/01\/WhatsApp-Image-2026-01-20-at-16.04.12.jpeg\",\"contentUrl\":\"https:\/\/residente.cl\/wp-content\/uploads\/2026\/01\/WhatsApp-Image-2026-01-20-at-16.04.12.jpeg\",\"width\":1197,\"height\":1600},{\"@type\":\"BreadcrumbList\",\"@id\":\"https:\/\/residente.cl\/?page_id=82#breadcrumb\",\"itemListElement\":[{\"@type\":\"ListItem\",\"position\":1,\"name\":\"Portada\",\"item\":\"https:\/\/residente.cl\/\"},{\"@type\":\"ListItem\",\"position\":2,\"name\":\"Servicios\"}]},{\"@type\":\"WebSite\",\"@id\":\"https:\/\/residente.cl\/#website\",\"url\":\"https:\/\/residente.cl\/\",\"name\":\"residente\",\"description\":\"lugares para la cultura, la ciudad y las personas\",\"publisher\":{\"@id\":\"https:\/\/residente.cl\/#organization\"},\"potentialAction\":[{\"@type\":\"SearchAction\",\"target\":{\"@type\":\"EntryPoint\",\"urlTemplate\":\"https:\/\/residente.cl\/?s={search_term_string}\"},\"query-input\":{\"@type\":\"PropertyValueSpecification\",\"valueRequired\":true,\"valueName\":\"search_term_string\"}}],\"inLanguage\":\"es-CL\"},{\"@type\":\"Organization\",\"@id\":\"https:\/\/residente.cl\/#organization\",\"name\":\"residente\",\"url\":\"https:\/\/residente.cl\/\",\"logo\":{\"@type\":\"ImageObject\",\"inLanguage\":\"es-CL\",\"@id\":\"https:\/\/residente.cl\/#\/schema\/logo\/image\/\",\"url\":\"https:\/\/residente.cl\/wp-content\/uploads\/2026\/01\/logo-residente_BLANCO_2.png\",\"contentUrl\":\"https:\/\/residente.cl\/wp-content\/uploads\/2026\/01\/logo-residente_BLANCO_2.png\",\"width\":250,\"height\":250,\"caption\":\"residente\"},\"image\":{\"@id\":\"https:\/\/residente.cl\/#\/schema\/logo\/image\/\"}}]}<\/script>\n<!-- \/ Yoast SEO plugin. -->","yoast_head_json":{"title":"Servicios - residente","robots":{"index":"index","follow":"follow","max-snippet":"max-snippet:-1","max-image-preview":"max-image-preview:large","max-video-preview":"max-video-preview:-1"},"canonical":"https:\/\/residente.cl\/?page_id=82","og_locale":"es_ES","og_type":"article","og_title":"Servicios - residente","og_description":"Dise\u00f1o espacial y place making Arquitectura temporal, museograf\u00eda y dise\u00f1o expositivo Gesti\u00f3n integral de proyectos Gesti\u00f3n patrimonial y de Monumentos Nacionales Revitalizaci\u00f3n de espacios y regeneraci\u00f3n urbana Estrategias urbanas y culturales","og_url":"https:\/\/residente.cl\/?page_id=82","og_site_name":"residente","article_modified_time":"2026-01-20T19:15:00+00:00","og_image":[{"width":1197,"height":1600,"url":"https:\/\/residente.cl\/wp-content\/uploads\/2026\/01\/WhatsApp-Image-2026-01-20-at-16.04.12.jpeg","type":"image\/jpeg"}],"twitter_card":"summary_large_image","twitter_misc":{"Tiempo estimado de lectura":"1 minuto"},"schema":{"@context":"https:\/\/schema.org","@graph":[{"@type":"WebPage","@id":"https:\/\/residente.cl\/?page_id=82","url":"https:\/\/residente.cl\/?page_id=82","name":"Servicios - residente","isPartOf":{"@id":"https:\/\/residente.cl\/#website"},"primaryImageOfPage":{"@id":"https:\/\/residente.cl\/?page_id=82#primaryimage"},"image":{"@id":"https:\/\/residente.cl\/?page_id=82#primaryimage"},"thumbnailUrl":"https:\/\/residente.cl\/wp-content\/uploads\/2026\/01\/WhatsApp-Image-2026-01-20-at-16.04.12.jpeg","datePublished":"2026-01-08T19:56:01+00:00","dateModified":"2026-01-20T19:15:00+00:00","breadcrumb":{"@id":"https:\/\/residente.cl\/?page_id=82#breadcrumb"},"inLanguage":"es-CL","potentialAction":[{"@type":"ReadAction","target":["https:\/\/residente.cl\/?page_id=82"]}]},{"@type":"ImageObject","inLanguage":"es-CL","@id":"https:\/\/residente.cl\/?page_id=82#primaryimage","url":"https:\/\/residente.cl\/wp-content\/uploads\/2026\/01\/WhatsApp-Image-2026-01-20-at-16.04.12.jpeg","contentUrl":"https:\/\/residente.cl\/wp-content\/uploads\/2026\/01\/WhatsApp-Image-2026-01-20-at-16.04.12.jpeg","width":1197,"height":1600},{"@type":"BreadcrumbList","@id":"https:\/\/residente.cl\/?page_id=82#breadcrumb","itemListElement":[{"@type":"ListItem","position":1,"name":"Portada","item":"https:\/\/residente.cl\/"},{"@type":"ListItem","position":2,"name":"Servicios"}]},{"@type":"WebSite","@id":"https:\/\/residente.cl\/#website","url":"https:\/\/residente.cl\/","name":"residente","description":"lugares para la cultura, la ciudad y las personas","publisher":{"@id":"https:\/\/residente.cl\/#organization"},"potentialAction":[{"@type":"SearchAction","target":{"@type":"EntryPoint","urlTemplate":"https:\/\/residente.cl\/?s={search_term_string}"},"query-input":{"@type":"PropertyValueSpecification","valueRequired":true,"valueName":"search_term_string"}}],"inLanguage":"es-CL"},{"@type":"Organization","@id":"https:\/\/residente.cl\/#organization","name":"residente","url":"https:\/\/residente.cl\/","logo":{"@type":"ImageObject","inLanguage":"es-CL","@id":"https:\/\/residente.cl\/#\/schema\/logo\/image\/","url":"https:\/\/residente.cl\/wp-content\/uploads\/2026\/01\/logo-residente_BLANCO_2.png","contentUrl":"https:\/\/residente.cl\/wp-content\/uploads\/2026\/01\/logo-residente_BLANCO_2.png","width":250,"height":250,"caption":"residente"},"image":{"@id":"https:\/\/residente.cl\/#\/schema\/logo\/image\/"}}]}},"_links":{"self":[{"href":"https:\/\/residente.cl\/index.php?rest_route=\/wp\/v2\/pages\/82","targetHints":{"allow":["GET"]}}],"collection":[{"href":"https:\/\/residente.cl\/index.php?rest_route=\/wp\/v2\/pages"}],"about":[{"href":"https:\/\/residente.cl\/index.php?rest_route=\/wp\/v2\/types\/page"}],"author":[{"embeddable":true,"href":"https:\/\/residente.cl\/index.php?rest_route=\/wp\/v2\/users\/1"}],"replies":[{"embeddable":true,"href":"https:\/\/residente.cl\/index.php?rest_route=%2Fwp%2Fv2%2Fcomments&post=82"}],"version-history":[{"count":6,"href":"https:\/\/residente.cl\/index.php?rest_route=\/wp\/v2\/pages\/82\/revisions"}],"predecessor-version":[{"id":108,"href":"https:\/\/residente.cl\/index.php?rest_route=\/wp\/v2\/pages\/82\/revisions\/108"}],"wp:featuredmedia":[{"embeddable":true,"href":"https:\/\/residente.cl\/index.php?rest_route=\/wp\/v2\/media\/105"}],"wp:attachment":[{"href":"https:\/\/residente.cl\/index.php?rest_route=%2Fwp%2Fv2%2Fmedia&parent=82"}],"curies":[{"name":"wp","href":"https:\/\/api.w.org\/{rel}","templated":true}]}}

<p>Diseño espacial y place making</p>



<p>Arquitectura temporal, museografía y diseño expositivo</p>



<p>Gestión integral de proyectos</p>



<p>Gestión patrimonial y de Monumentos Nacionales</p>



<p>Revitalización de espacios y regeneración urbana</p>



<p>Estrategias urbanas y culturales</p>

<p>Diseño espacial y place making Arquitectura temporal, museografía y diseño expositivo Gestión integral de proyectos Gestión patrimonial y de Monumentos Nacionales Revitalización de espacios y regeneración urbana Estrategias urbanas y culturales</p>

<!-- This site is optimized with the Yoast SEO plugin v26.9 - https://yoast.com/product/yoast-seo-wordpress/ -->
<title>Servicios - residente</title>
<meta name="robots" content="index, follow, max-snippet:-1, max-image-preview:large, max-video-preview:-1" />
<link rel="canonical" href="https://residente.cl/?page_id=82" />
<meta property="og:locale" content="es_ES" />
<meta property="og:type" content="article" />
<meta property="og:title" content="Servicios - residente" />
<meta property="og:description" content="Diseño espacial y place making Arquitectura temporal, museografía y diseño expositivo Gestión integral de proyectos Gestión patrimonial y de Monumentos Nacionales Revitalización de espacios y regeneración urbana Estrategias urbanas y culturales" />
<meta property="og:url" content="https://residente.cl/?page_id=82" />
<meta property="og:site_name" content="residente" />
<meta property="article:modified_time" content="2026-01-20T19:15:00+00:00" />
<meta property="og:image" content="https://residente.cl/wp-content/uploads/2026/01/WhatsApp-Image-2026-01-20-at-16.04.12.jpeg" />
	<meta property="og:image:width" content="1197" />
	<meta property="og:image:height" content="1600" />
	<meta property="og:image:type" content="image/jpeg" />
<meta name="twitter:card" content="summary_large_image" />
<meta name="twitter:label1" content="Tiempo estimado de lectura" />
	<meta name="twitter:data1" content="1 minuto" />
<script type="application/ld+json" class="yoast-schema-graph">{"@context":"https://schema.org","@graph":[{"@type":"WebPage","@id":"https://residente.cl/?page_id=82","url":"https://residente.cl/?page_id=82","name":"Servicios - residente","isPartOf":{"@id":"https://residente.cl/#website"},"primaryImageOfPage":{"@id":"https://residente.cl/?page_id=82#primaryimage"},"image":{"@id":"https://residente.cl/?page_id=82#primaryimage"},"thumbnailUrl":"https://residente.cl/wp-content/uploads/2026/01/WhatsApp-Image-2026-01-20-at-16.04.12.jpeg","datePublished":"2026-01-08T19:56:01+00:00","dateModified":"2026-01-20T19:15:00+00:00","breadcrumb":{"@id":"https://residente.cl/?page_id=82#breadcrumb"},"inLanguage":"es-CL","potentialAction":[{"@type":"ReadAction","target":["https://residente.cl/?page_id=82"]}]},{"@type":"ImageObject","inLanguage":"es-CL","@id":"https://residente.cl/?page_id=82#primaryimage","url":"https://residente.cl/wp-content/uploads/2026/01/WhatsApp-Image-2026-01-20-at-16.04.12.jpeg","contentUrl":"https://residente.cl/wp-content/uploads/2026/01/WhatsApp-Image-2026-01-20-at-16.04.12.jpeg","width":1197,"height":1600},{"@type":"BreadcrumbList","@id":"https://residente.cl/?page_id=82#breadcrumb","itemListElement":[{"@type":"ListItem","position":1,"name":"Portada","item":"https://residente.cl/"},{"@type":"ListItem","position":2,"name":"Servicios"}]},{"@type":"WebSite","@id":"https://residente.cl/#website","url":"https://residente.cl/","name":"residente","description":"lugares para la cultura, la ciudad y las personas","publisher":{"@id":"https://residente.cl/#organization"},"potentialAction":[{"@type":"SearchAction","target":{"@type":"EntryPoint","urlTemplate":"https://residente.cl/?s={search_term_string}"},"query-input":{"@type":"PropertyValueSpecification","valueRequired":true,"valueName":"search_term_string"}}],"inLanguage":"es-CL"},{"@type":"Organization","@id":"https://residente.cl/#organization","name":"residente","url":"https://residente.cl/","logo":{"@type":"ImageObject","inLanguage":"es-CL","@id":"https://residente.cl/#/schema/logo/image/","url":"https://residente.cl/wp-content/uploads/2026/01/logo-residente_BLANCO_2.png","contentUrl":"https://residente.cl/wp-content/uploads/2026/01/logo-residente_BLANCO_2.png","width":250,"height":250,"caption":"residente"},"image":{"@id":"https://residente.cl/#/schema/logo/image/"}}]}</script>
<!-- / Yoast SEO plugin. -->

Diseño espacial y place making Arquitectura temporal, museografía y diseño expositivo Gestión integral de proyectos Gestión patrimonial y de Monumentos Nacionales Revitalización de espacios y regeneración urbana Estrategias urbanas y culturales
